is divided by 5?
3
Let p(u) = 51*u**2 + 8*u + 9. Calculate the remainder when p(4) is divided by 22.
21
Let d(h) = 40*h - 91. Calculate the remainder when d(3) is divided by 29.
0
Suppose -3*r + 64 = r. Suppose 10 + r = g. Suppose 3*j + 3*s - 310 = -j, 3*j + 5*s = 238. What is the remainder when j is divided by g?
24
Suppose 2*q + 21 = q - 5*l, 4*q - l = 0. Let o be (2*(q - 0))/2. Calculate the remainder when o/(1/(-3)) - -13 is divided by 9.
7
Suppose -6*n + 12*n - 30 = 0. Suppose 5*d + n = 0, 3*o - 114 = -2*o + 4*d. Suppose 46 + 14 = 5*r. Calculate the remainder when o is divided by r.
10
Suppose 226 = -5*j - 24. Let d = j + 66. Let b(h) = 8*h**2 + 2*h - 3. What is the remainder when b(-3) is divided by d?
15
Suppose 0 = -16*w + 30*w - 770. What is the remainder when 987 is divided by w?
52
Let p(y) = 28*y**2 - 4*y + 2. Let x be p(4). Let i(k) = -36*k**2 + 5*k. Let m be i(3). Let h = x + m. What is the remainder when h is divided by 32?
29
Suppose 32 = -21*z + 17*z. Calculate the remainder when (z/(-12))/(4/420) is divided by 24.
22
Suppose 171 = 5*k - 44. Suppose 3*m + 2*x = 61, -2*m + 6 = -2*x - 48. What is the remainder when k is divided by m?
20
Suppose 0 = h - 11 - 16. What is the remainder when 141 is divided by h?
6
Let b = -428 - -713. Calculate the remainder when b is divided by 8.
5
Suppose m = -2*m + 333. Let a = m - 70. Suppose -10*h + 43 = -67. Calculate the remainder when a is divided by h.
8
Suppose -232 = 3*m - 5*m. Suppose 17*a - 15*a = m. Suppose c = -c + a. What is the remainder when c is divided by 10?
9
Suppose -192*t + 88 = -188*t. What is the remainder when t is divided by 12?
10
Let j be 14/(-21) - (-2)/3. Suppose -3*w - 6 + 42 = j. Calculate the remainder when w is divided by 5.
2
Suppose 3*t - 19 = 32. Suppose 4*w - 18 = -3*f, f + 1 - 7 = -5*w. Suppose l + f = 2*l. What is the remainder when t is divided by l?
5
Let j = -84 + 84. Let v(b) = b + 50. Calculate the remainder when v(j) is divided by 13.
11
Let j = -3 + 8. Suppose -j*k - 4*d = -0*d - 23, 0 = -4*k - 4*d + 16. What is the remainder when (-75)/(-2)*10/15 is divided by k?
4
Suppose -u + 4*u - 9855 = 0. Suppose 0 = -4*r + 19*r - u. What is the remainder when r is divided by 55?
54
Let a = -345 + 349. Calculate the remainder when 31 is divided by a.
3
Let y(h) = h**3 - 15*h**2 - 11*h + 18. Calculate the remainder when y(16) is divided by ((-2016)/(-140))/(2/5).
26
Calculate the remainder when 230 is divided by (-2 - 7/(-4))*12032/(-64).
42
Suppose -3*p = -9, 0 = 4*n - n - 4*p - 132. Calculate the remainder when n is divided by 35.
13
Suppose 2*z + 6 = 2, 5*r = -z + 48. Calculate the remainder when 158 is divided by r.
8
Suppose -4*r = d + 3*d - 240, 3*r - 176 = -2*d. Let g = r - -7. What is the remainder when g is divided by 11?
8
What is the remainder when (5 - (4 - 995/20))*4 is divided by 52?
47
Let g(r) = -r**3 + 10*r**2 - 9*r + 7. What is the remainder when g(7) is divided by 32?
27
Let t(z) = -5*z - 2. Let x be t(-1). Suppose -2*m - 2*c + x*c + 16 = 0, -c - 4 = 0. What is the remainder when m is divided by 4?
2
Let t be (3 - 17)/2 - 3. Let k = t - -17. Calculate the remainder when 33 is divided by k.
5
Suppose 64*y - 68*y + 16 = 0. What is the remainder when 17 is divided by y?
1
Let a(n) = -n**3 - 9*n**2 + 9*n + 15. Let z(d) = -d**3 - 14*d**2 + 14*d + 22. Let q(h) = 8*a(h) - 5*z(h). Calculate the remainder when q(-4) is divided by 55.
52
Suppose 3*c + 929 + 523 = 5*f, -f - 3*c + 294 = 0. Calculate the remainder when f is divided by 98.
95
Let g = -31 + 86. Let j be -2 + (-1 - -2)*6. What is the remainder when g is divided by -2*2/j - -15?
13
Let v = -407 - -458. What is the remainder when 165 is divided by v?
12
Let l(f) = 4*f**2 - 4*f - 1. Let j be l(-2). Let t = 0 + j. Calculate the remainder when 135/4*(-16)/(-6) is divided by t.
21
Let s(d) = 4*d - 18. Let x be s(4). Calculate the remainder when 52 is divided by ((-20)/1 + 6)*x/2.
10
Let w(f) = 39*f**2 + 2*f + 1. Let h be (12/14)/(3/14). Suppose -13 + 93 = h*u. Calculate the remainder when w(-1) is divided by u.
18
Let w = -15 + 14. Let y be (-62 - 3/w) + -2. Let s = y - -88. Calculate the remainder when s is divided by 15.
12
Suppose -4 - 10 = i. Let z(n) = -n**3 - 13*n**2 + 14*n + 4. What is the remainder when z(i) is divided by 2?
0
Let f = 137 + -32. Suppose 7*m = 2*m + f. What is the remainder when 61 is divided by m?
19
Let l be 2 - (-9)/(2 - 1). Let c = l + -7. Calculate the remainder when ((-855)/114)/((-1)/2) is divided by c.
3
Let w = -757 - -955. Calculate the remainder when w is divided by 111.
87
Let u(g) = -g**3 - 4*g**2 + 3*g. Let s be 26/(-4) - (-21)/14. Calculate the remainder when (2 - 2/4) + (-2232)/(-48) is divided by u(s).
8
Suppose 3*b - 2*r - r = 198, 3*r - 346 = -5*b. What is the remainder when b is divided by (2 - 0)*17 + (-10)/2?
10
What is the remainder when 40 is divided by (4/(48/(-9)))/(1/(-16))?
4
Suppose 9*l = 104 + 13. What is the remainder when 32 is divided by l?
6
Let g = 4 - 7. Let q(s) = -s**2 - 7*s + 2. What is the remainder when 54 is divided by q(g)?
12
Let h = -74 + 77. Calculate the remainder when 13 is divided by h.
1
Let l(w) = w**2 - 8*w + 7. Let d be l(7). Let t(r) = r + 4 + d*r - 12*r. Calculate the remainder when t(-3) is divided by 19.
18
Let i(g) = 8*g**2 + 2*g + 2. Let r be i(-2). Let a = -13 + r. Calculate the remainder when a is divided by 5.
2
Let l(r) = -3*r**3 - 41*r**2 - 28*r + 16. Calculate the remainder when 59 is divided by l(-13).
17
Let y(h) = 4*h - 4. Suppose 0*n - 2*n + 26 = 0. Let p = -7 + n. What is the remainder when y(3) is divided by p?
2
Let x(o) = -11*o + 8. Let g(q) = q - 6. Let i be g(0). Let w be x(i). Suppose w = 5*d + 9. What is the remainder when 35 is divided by d?
9
Suppose 3*k - 19 + 13 = 0. Let a(j) = 2*j + j**2 + 2 + 4*j**2 - 4*j**2 + 4*j. What is the remainder when a(-7) is divided by k?
1
Suppose -4*n - 2 = 22. What is the remainder when ((-1)/(-2))/(5/90) is divided by 10/3 + (-4)/n?
1
Let i(r) = 1 - 6 - 2 - 6*r**2 - 14*r + 7*r**2. Let y be i(19). Suppose 2*m - y = 26. What is the remainder when m is divided by 20?
17
Let u = -37 - -37. Let z = u - -46. Calculate the remainder when z is divided by 24.
22
Let a = -461 - -465. Suppose -5*i + 5 = 0, 8 = 2*k + 3*i - 5*i. Suppose k*s + 3*v = 53, 0 = -4*s + s + 3*v + 27. Calculate the remainder when s is divided by a.
2
Let z(t) = 11 - 9 - 22*t - 5. Suppose -5*p = 16 - 71. Calculate the remainder when z(-2) is divided by p.
8
Let p be 6/51 - (-98)/34. Suppose p*q + 27 - 51 = 0. Calculate the remainder when q is divided by 5.
3
Let g(v) = -2*v**2 + 27*v - 9. Let k be g(13). Suppose -5*q + 104 + 91 = k*z, 2*z - 117 = -3*q. Let o = 2 - -9. Calculate the remainder when q is divided by o.
6
Suppose 0 = -3*f + 35 - 20. Calculate the remainder when 28 is divided by f.
3
Let u = -45 + 133. Let c = u - 73. What is the remainder when c is divided by 8?
7
Let h(m) be the second derivative of -7*m**3/6 - 3*m**2 + 31*m. What is the remainder when h(-15) is divided by 50?
49
Suppose 0 = 2*f - 8, 0 = -i - 32*f + 29*f + 82. What is the remainder when 106 is divided by i?
36
Let k = -270 + 287. What is the remainder when k is divided by 12 - (-1 + (-4)/(-2))?
6
Let d(v) = -v**2 + 19*v + 5. Let h(g) = 38*g - 1458. What is the remainder when d(8) is divided by h(39)?
21
Let p(r) = -33*r - 1. Suppose 2*v = 4*c - 6, 5*c - 15 - 10 = -v. What is the remainder when (77/(-28) - -3) + 247/c is divided by p(-1)?
30
Let t be -1 - 154 - (7 + 28/(-4)). Let b = t - -166. What is the remainder when ((-1)/2)/((-1)/82) is divided by b?
8
Suppose 26*v + 792 = 30*v. What is the remainder when v is divided by 57?
27
Let t = 13 - -19. Suppose 0*x - 3*x = 12. What is the remainder when t is divided by (-2 - 30/x)*2?
10
Suppose -3 = -3*g, -294 = -28*p + 25*p - 3*g. What is the remainder when 871 is divided by p?
95
Let i = -457 - -476. Calculate the remainder when 206 is divided by i.
16
Suppose -5*k + 4*i = -i - 130, -3*k + 74 = -2*i. Let j = -42 - -31. Calculate the remainder when 2/j + 2784/66 is divided by k.
20
Let n(k) = k**2 + 5*k + 18. Calculate the remainder when (75 - 5) + (0 - 0/(-1)) is divided by n(-6).
22
Suppose 3*c + 36 = 6*c. Let a = 610 - 607. What is the remainder when c is divided by a